{"version":"1.0","provider_name":"THWS | Fakult\u00e4t Gestaltung W\u00fcrzburg","provider_url":"https:\/\/fg.thws.de\/en\/","title":"Patricia Hepp - THWS | Fakult\u00e4t Gestaltung W\u00fcrzburg","type":"rich","width":600,"height":338,"html":"<blockquote class=\"wp-embedded-content\" data-secret=\"AN5jHzgn7k\"><a href=\"https:\/\/fg.thws.de\/en\/personen\/patricia-hepp\/\">Patricia Hepp<\/a><\/blockquote><iframe sandbox=\"allow-scripts\" security=\"restricted\" src=\"https:\/\/fg.thws.de\/en\/personen\/patricia-hepp\/embed\/#?secret=AN5jHzgn7k\" width=\"600\" height=\"338\" title=\"&#8220;Patricia Hepp&#8221; &#8212; THWS | Fakult\u00e4t Gestaltung W\u00fcrzburg\" data-secret=\"AN5jHzgn7k\" frameborder=\"0\" marginwidth=\"0\" marginheight=\"0\" scrolling=\"no\" class=\"wp-embedded-content\"><\/iframe><script>\n\/*! This file is auto-generated *\/\n!function(d,l){\"use strict\";l.querySelector&&d.addEventListener&&\"undefined\"!=typeof URL&&(d.wp=d.wp||{},d.wp.receiveEmbedMessage||(d.wp.receiveEmbedMessage=function(e){var t=e.data;if((t||t.secret||t.message||t.value)&&!\/[^a-zA-Z0-9]\/.test(t.secret)){for(var s,r,n,a=l.querySelectorAll('iframe[data-secret=\"'+t.secret+'\"]'),o=l.querySelectorAll('blockquote[data-secret=\"'+t.secret+'\"]'),c=new RegExp(\"^https?:$\",\"i\"),i=0;i<o.length;i++)o[i].style.display=\"none\";for(i=0;i<a.length;i++)s=a[i],e.source===s.contentWindow&&(s.removeAttribute(\"style\"),\"height\"===t.message?(1e3<(r=parseInt(t.value,10))?r=1e3:~~r<200&&(r=200),s.height=r):\"link\"===t.message&&(r=new URL(s.getAttribute(\"src\")),n=new URL(t.value),c.test(n.protocol))&&n.host===r.host&&l.activeElement===s&&(d.top.location.href=t.value))}},d.addEventListener(\"message\",d.wp.receiveEmbedMessage,!1),l.addEventListener(\"DOMContentLoaded\",function(){for(var e,t,s=l.querySelectorAll(\"iframe.wp-embedded-content\"),r=0;r<s.length;r++)(t=(e=s[r]).getAttribute(\"data-secret\"))||(t=Math.random().toString(36).substring(2,12),e.src+=\"#?secret=\"+t,e.setAttribute(\"data-secret\",t)),e.contentWindow.postMessage({message:\"ready\",secret:t},\"*\")},!1)))}(window,document);\n<\/script>\n","thumbnail_url":"https:\/\/fg.thws.de\/wp-content\/uploads\/2018\/03\/P-Hepp-talk_tn.jpg","thumbnail_width":1058,"thumbnail_height":1058,"description":"Patricia Hepp, studierte Visuelle Kommunikation an der Hochschule f\u00fcr Gestaltung in Schw\u00e4bisch Gm\u00fcnd mit dem Abschluss Diplom. 1995 graduierte sie als DAAD Stipendiatin am Royal College of Art in London zum Master of Fine Arts in Graphic Design. In den Jahren 1990 bis 1995 arbeitete sie im B\u00fcro f\u00fcr visuelle Kommunikation Rolf M\u00fcller in M\u00fcnchen, [&hellip;]"}

THWS | Fakultät Gestaltung Würzburg

Patricia Hepp - THWS | Fakultät Gestaltung Würzburg

<blockquote class="wp-embedded-content" data-secret="AN5jHzgn7k"><a href="https://fg.thws.de/en/personen/patricia-hepp/">Patricia Hepp</a></blockquote><iframe sandbox="allow-scripts" security="restricted" src="https://fg.thws.de/en/personen/patricia-hepp/embed/#?secret=AN5jHzgn7k" width="600" height="338" title="&#8220;Patricia Hepp&#8221; &#8212; THWS | Fakultät Gestaltung Würzburg" data-secret="AN5jHzgn7k" frameborder="0" marginwidth="0" marginheight="0" scrolling="no" class="wp-embedded-content"></iframe><script>
/*! This file is auto-generated */
!function(d,l){"use strict";l.querySelector&&d.addEventListener&&"undefined"!=typeof URL&&(d.wp=d.wp||{},d.wp.receiveEmbedMessage||(d.wp.receiveEmbedMessage=function(e){var t=e.data;if((t||t.secret||t.message||t.value)&&!/[^a-zA-Z0-9]/.test(t.secret)){for(var s,r,n,a=l.querySelectorAll('iframe[data-secret="'+t.secret+'"]'),o=l.querySelectorAll('blockquote[data-secret="'+t.secret+'"]'),c=new RegExp("^https?:$","i"),i=0;i<o.length;i++)o[i].style.display="none";for(i=0;i<a.length;i++)s=a[i],e.source===s.contentWindow&&(s.removeAttribute("style"),"height"===t.message?(1e3<(r=parseInt(t.value,10))?r=1e3:~~r<200&&(r=200),s.height=r):"link"===t.message&&(r=new URL(s.getAttribute("src")),n=new URL(t.value),c.test(n.protocol))&&n.host===r.host&&l.activeElement===s&&(d.top.location.href=t.value))}},d.addEventListener("message",d.wp.receiveEmbedMessage,!1),l.addEventListener("DOMContentLoaded",function(){for(var e,t,s=l.querySelectorAll("iframe.wp-embedded-content"),r=0;r<s.length;r++)(t=(e=s[r]).getAttribute("data-secret"))||(t=Math.random().toString(36).substring(2,12),e.src+="#?secret="+t,e.setAttribute("data-secret",t)),e.contentWindow.postMessage({message:"ready",secret:t},"*")},!1)))}(window,document);
</script>

Patricia Hepp, studierte Visuelle Kommunikation an der Hochschule für Gestaltung in Schwäbisch Gmünd mit dem Abschluss Diplom. 1995 graduierte sie als DAAD Stipendiatin am Royal College of Art in London zum Master of Fine Arts in Graphic Design. In den Jahren 1990 bis 1995 arbeitete sie im Büro für visuelle Kommunikation Rolf Müller in München, [&hellip;]
